98
What is -16 - ((18 - (68 - -16)) + 8)?
42
-4 + -6 + (-104 - -105 - (1 + -22)) + -55
-43
What is the value of -8 + (-27 - (-15 + (13 - 35)))?
2
What is the value of -65 + 1 - (75 + (-98 - -47))?
-88
Evaluate 77 + 2 + (0 - 1) + 19 + 28 + -39.
86
-31 + -32 + (-72 - 22) + 41
-116
What is the value of (-24 - ((13 - 15) + -14)) + -15?
-23
Evaluate (-33 - -51 - 20) + 9 - (-2 - -47).
-38
((-7 - -3) + -26 - (-400 - -377)) + -49 + 1
-55
Evaluate -2 + (-84 - (-1 - -1) - (-6548 - -6532)).
-70
2 - (-4 + 43) - (5 + (-16 - (2 + -12)))
-36
What is (-1 - ((26 - 11) + -2 + 4)) + -19?
-37
Evaluate (530 - 405) + (-7 - (2 + -6 + 6)).
116
Calculate 6 + (-3 - -5) + 0 + -15 + 10.
3
1 + 60 - (8118 - 8141)
84
Evaluate 40 + -66 + 39 + 10.
23
Evaluate -7 - (-52 - (17 + -18 + 3)).
47
What is 4 - ((1 - 6 - -15) + -84 + 4)?
74
What is the value of (-3 - (-171 - -141)) + 5?
32
Calculate -3 + (-1 - 3) + -1 + -141 + 89.
-60
What is 16 + (-13 - (-58 - -45)) + (-4 - (-1 - 1))?
14
Calculate 50 + 15 + -121 + 1 + (2 - 18) + -1.
-72
What is the value of 2 + 31 + 16 + -31 + 17?
35
4 - 0 - -3 - -98 - (-149 + 169)
85
What is -11 - (0 + -4 + 11 - (25 + -80) - 10)?
-63
What is the value of 15 - (25 - (-1 - -13)) - (6 + -11 - -80)?
-73
What is the value of 47 + -106 + 50 + 18 - 41?
-32
Calculate (4 - (-4 + 5)) + 244 + -271 - 13.
-37
Evaluate 40 - (99 - (12 - -60)).
13
What is 249 + -232 + -24 + 0 + (9 - 1)?
1
29 - (15 - -46) - (-2 + -95)
65
Evaluate 2 + -44 - ((-23 + 49 - 42) + 18).
-44
(-12 - (-4 + 12)) + (71 - 24)
27
(13 + 21 - (-57 - -46)) + -18
27
Calculate 9 - (-15 + (14 - (10 + -17 + 25))).
28
Calculate -80 - (-15 - (11 + (-11 - -5) - 17)).
-77
Calculate 18 + -21 + (-54 - -4) + 5.
-48
Evaluate -84 - (-62 + 49 + 7 + -5 + 0).
-73
What is the value of -12 - (81 + (0 - -61 - 62) + (12 - -1))?
-105
What is the value of -14 + (0 - 2) - (63 + -130 + 77)?
-26
Calculate (10 - (-16 + 0 + 17)) + -21 + -50.
-62
What is -14 + -2 + 39 + (-34 - (-16 + -6))?
11
219 + (-308 - -117) + -1 + -83
-56
What is (334 - 400 - (0 - (5 - -13))) + -7?
-55
Calculate 16 + -81 + -3 + (-27 - -12 - -10).
-73
Evaluate 63 + -2 + 1 + (-22 - (-1 - 6)).
47
What is -154 + 245 + -70 - (1 + -48)?
68
What is -8716 - -8658 - (-1 + -2)?
-55
Calculate 14 - (-87 + 50 + 49).
2
What is -668 + 690 + -30 + -1 - 23?
-32
Evaluate 11 + -2 + 517 + -517 - ((-5 - -5) + -122).
131
Evaluate (-14 - (56 + (-25 - 13))) + -61.
-93
(-3 - 4 - -24) + (-8 + 16 - (5 - -7))
13
What is 14 - (22 - (1 - (-14 + 11)) - 27)?
23
Evaluate (-38 - -4) + -2 - -24 - 55.
-67
What is the value of (-16 - (-17 - -10 - 80) - -10) + -15?
66
Evaluate (24 - -9) + (-1 - 5) + 10 + -6 - 9.
22
151 + -138 - (66 - -33)
-86
What is the value of 5 + (-37 - 18 - -86)?
36
Evaluate 15 - (-57 + 10 + 47).
15
What is the value of (-24 - 2) + (-44 + 54 - 4)?
-20
Calculate 69 - (-13 - 8 - -66).
24
(1 - 21) + -876 + 912
16
What is 7 - (1 + (-5 - -16) - 2 - 9)?
6
Evaluate -241 + 182 - (-6 - 43).
-10
Calculate 0 - (1 + (1 - 2)) - (-77 - -63).
14
2 + -1 - (703 + -706) - (1 + -11)
14
What is the value of (-10 - (1 + 0 - (11 + 2))) + -4 + 4?
2
32 - (-22 + 16 + (13 + -15 - -10))
30
Calculate -20 - (-10 + (-48 - -98 - 18)).
-42
Evaluate (22 + 0 - (-138 - -204)) + (2 - 9).
-51
What is (13 - (11 + -1 + (-6 - 1) + 8)) + -42?
-40
Evaluate -9 + (-1 - -66) - 3 - (7 + -15 + 10).
51
Evaluate -27 - -9 - (22 + 1 - (155 + -139)).
-25
Calculate (2804 - 2847) + -3 + -18.
-64
61 + -43 + -85 + 40
-27
(3 - 0 - -9) + (-27 + 22 - 72) + 21
-44
What is the value of 9 - (-2 - -27 - 31)?
15
What is the value of 0 - 7 - (323 + -306 - (25 - -3))?
4
71 + -5 + -26 + (-22 - 0)
18
Calculate (18 + -4 + -20 - 46) + -5.
-57
What is the value of -37 + (106 - 79) + 17 + 1 + -38?
-30
Evaluate 136 + 3 + -36 + -116.
-13
What is the value of (11 + -1 - -14) + -2 + -8 + -3 + 5?
16
Evaluate -10 + (-5 - (10 - 6)) + (0 - 31).
-50
39 + (4 - (-18 + -11 - -5))
67
What is 35 - (23 + 25 + -28 + 5) - (76 + 1)?
-67
What is the value of 39 + (8 + 43 + -48 - (0 - -2 - 5))?
45
Evaluate -28 - (33 + (15 - 18) + 6).
-64
Calculate 10 + -2 + ((-3 - 9) + -12 - 22).
-38
-52 + (64 - (7 - 0))
5
What is (-302 - -440) + 1 + 1 + 8 + -1?
147
What is (7 - -6) + (4 - -96) + -4 + (-10 - -1)?
100
Calculate -26 - (-28 - -60) - ((19 - -1) + -4 - 5).
-69
Evaluate 52 + -62 + 0 - 35.
-45
What is -1 + (-1 - 0) - (11 + 30 + -17 + -20)?
-6
Evaluate (0 - 20) + (2713 - 2687).
6
-1 + 80 - (12 - (31 + -31 - 6))
61
What is the value of -5 + (-15 + 8 - -4) + -1?
-9
Calculate -28 + (-46 - -59) + -42.
-57
0 + (16 - ((-1 - 1) + (120 - 120)))
18
-64 + (49 - 24) - (95 - 62)
-72
32 - 113 - (-74 - -78 - (0 - -21))
-64
What is -5 + -17 + 14 + 4 + 10 + 97 + 4?
107
Calculate 32 + -9 + (133 - 12) - 27.
117
Calculate (4 - (0 - -4)) + 6 + 32 + 20 + 4.
62
What is the value of -2 - -1 - ((-3 - (2 + 12)) + -28 + 40)?
4
What is 10 - (662 + -616 + -16 + 1)?
-21
Calculate 18 - (-2 - -24 - 66).
62
What is the value of -42 - -39 - (-49 + 84 - (-1 + 1))?
-38
What is -114 - (-3372 + 3384 + 2 + -20 + 2)?
-110
-48 + (-55 - -8) - (15 + -33)
-77
What is 59 + (-13 + -12 + 1 + (-38 - -62) - 0)?
59
What is the value of -28 - (87 + -88 + -13 + 1)?
-15
-10 - -1 - ((1 - 32) + -395 + 415)
2
(4 - 1 - 28) + 10134 + -10127
-18
Calculate (-51 - (-25 + -56)) + -12.
18
What is -1 + -8 + (20 - 22) - 31 - -4?
-38
Calculate (3 - -7) + 26 + -23 + -49.
-36
Calculate -9 + 0 + (12 - 15) + 32 + 11.
31
What is -9 + 66 + (-11 - (12 + 0 + -5 + -12))?
51
What is the value of (2 - (1 - 0 - 2)) + (-3 - (3 - -37))?
-40
Calculate -134 + 340 + (111 - 280).
37
What is (0 + -3 - (39 - 2)) + 55 + -123 + 61?
-47
Evaluate -14 + (-140 - (-75 - -19)).
-98
-10 - ((-16 - -5) + -45 + 45)
1
Calculate 5 - (-10 + (42 - (-42 - 42))).
-111
What is 39 + (12 - 74) - -35?
12
What is the value of -3 + (1 - (1 + -16)) - (9 + -4)?
8
790 - 787 - ((0 - 31) + -4 - -1)
37
-48 - (-16 - (-19 + 19) - -14)
-46
Calculate 39 + (-17 - (137 + -80)).
-35
(5 - 42) + (-11 - -26) - (0 - 3)
-19
Calculate 949 - 925 - (30 - (1 - 6)).
-11
Calculate (-40 - -13) + 26 + 4.
3
What is (223 - 108) + -87 - -32?
60
-48 - (1 - (-53 - -25) - (-2 + 14))
-65
Calculate (4 + 1 + 8 - (-24 - -49)) + -59.
-71
-28 - (-18 + 15 - 4)
-21
Calculate 13 + 14 - (-2 - (0 + 15)).
44
Evaluate 5 + -10 + (-22 + (18 - 18) - -30).
3
Evaluate -1 + -12 + 7 + 4 - (20 - (1 + 3)).
-18
Calculate 16 + -1 + (-20 - (-14 - (10 + -15))) + -45.
-41
(-1 - 1) + (34 - 4) + -3 - (1 - 0)
24
26 + (591 - 641 - (19 - 1))
-42
What is (-25 - (-9 - -17) - (-26 - -9)) + -4 + -47?
-67
Evaluate -108 - (32 + 14) - -183.
29
Evaluate -2 - 51 - -31 - 53.
-75
What is (-43 - 0) + 7380 + -7420?
-83
9 - (2 + -4 - 41)
52
What is 18 + 10 + (-8 - 0) + -21?
-1
What is the value of 0 + -25 + (-46 - -50)?
-21
What is the value of -117 + 118 + -143 - (-2 - (1 + 13))?
-126
Evaluate 0 - -73 - 2 - (-277 - -631 - 375).
92
What is the value of (5 - (-2 - -2)) + 33 + -28 - 36?
-26
Evaluate -27 + 20 - -13 - (3 + 9).
-6
What is the value of -47 - (-11 + 0 + 2 + (444 - 446))?
-36
(-9 - 0 - -5) + (5 - 1) + 72 + -86
-14
Calculate -26 + -4 + (5 - (8 + -25 + 3)).
-11
Calculate (-34 + 49 - 69) + 56.
2
What is the value of -464 - -454 - (27 + -1)?
-36
-3 + -42 - (-301 - -284)
-28
What is the value of (1 - -17) + (511 - 561 - (-1 - 8))?
-23
What is the value of 39 - 27 - -67 - 38?
41
Evaluate -15569 - -15591 - (62 - (0 + -1)).
-41
What is the value of 24 - -34 - 29 - 15?
14
(21 - -1) + -167 + 155 + (27 - 1)
36
What is the value of -42 + (42 - 14) + (2 - (-2 - 1 - 6))?
-3
Calculate 64 + 53 + -112 - -1.
6
What is -89 - -134 - (0 + 56)?
-11
Calculate (-30 - (-39 - -11 - -19)) + -20.
-41
2 + (-3 + 8 - (-28 - (7 - 9)))
33
Calculate -1 - (-87 + 48) - 12.
26
Evaluate 58 + -4 - (-42 + 8).
88
Evaluate -68 + 51 + 17 + 10.
10
Calculate 11 + (-17 - (-16 - 2) - 3) + -75.
-66
Calculate -94 - (-5 - 132) - 105.
-62
Calculate 8221 + -8209 + (1 - (11 + 2 + -3 + 3)).
0
Calculate -36 - (47 - (52 - -30)).
-1
What is the value of 1 - (-5 + (-13 + 25 - -62) + -10)?
-58
What is 18 + 0 + (4098 - 4097)?
19
Evaluate (19 - -1) + 835 + -856 + 14.
13
What is the value of (-22 - 0) + 35 + (123 - 100)?
36
Evaluate (51 + -31 + 1 + 11 - (-6 + 5)) + 4.
37
-96 - (16 + -29 - -20 - 13) - (-1 + 3)
-92
What is the value of (-7 - (-2 - -4) - (31 - 96)) + 11 + -3?
64
Calculate -76 + 25 + 20